late the greatest common factor of i and a.
12
Suppose -5*g = -0*g - 80. Suppose 22 = g*k - 15*k. Calculate the highest common factor of 55 and k.
11
Let g be ((-28)/14)/((-2)/20). Calculate the highest common factor of g and 30.
10
Suppose 4*r = -6*r + 690. Calculate the greatest common divisor of r and 46.
23
Let z(c) = -c**2 - 11*c - 5. Let p be z(-5). Suppose -u = 2*u - a - 73, -u - a = -27. Calculate the highest common factor of p and u.
25
Let y be (-1 - (-3)/2)/((-7)/(-462)). Let k be 1/(-2) - (-21)/6. What is the greatest common factor of y and k?
3
Suppose -2*l - 6 = -2*j, -2*j + 18 = -0*j + l. Let u = 27 - j. Calculate the greatest common factor of 5 and u.
5
Suppose -n + 3 = 0, 3*n = 4*w + 2*n - 13. Suppose -h + w*s + 10 - 4 = 0, 3*h - 62 = s. Calculate the greatest common divisor of h and 66.
22
Let i be (162/3)/(1 - 0). Let f = -344 - -350. Calculate the highest common divisor of i and f.
6
Let t(j) = -27*j**3 - 3*j - 2. Let q be t(-2). Calculate the greatest common factor of q and 20.
20
Suppose 0 = 6*j - 2*j - 612. Calculate the greatest common divisor of 17 and j.
17
Suppose 0 = -6*q + 2*q + 16, -s + 48 = 2*q. What is the greatest common factor of s and 16?
8
Suppose -3*v + 3*r = -75, 2*v - r = 5*v - 55. Calculate the highest common divisor of 8 and v.
4
Let f = 46 - 34. What is the greatest common factor of f and 12?
12
Let j = 3 - -1. Calculate the highest common factor of 20 and j.
4
Let y = -52 - -96. Calculate the highest common factor of y and 4.
4
Let x(j) = 4*j**3 - 2*j**2 + 2*j - 1. Let i be x(1). Suppose -i*v = -2*v - 30. What is the highest common factor of v and 15?
15
Let v = -7 - -10. Let a be 34/v*348/8. Suppose 5*b + 5*z = -0*b + 590, -4*b + 3*z + a = 0. What is the greatest common factor of 11 and b?
11
Suppose 100 = 2*b - 4*a, -5*b + 6*a - 2*a = -232. Calculate the highest common factor of b and 22.
22
Suppose 481 = v + 175. Calculate the highest common divisor of 34 and v.
34
Suppose c - 1 = 2. Suppose -y - 162 = -c*y - 2*d, 5*d = 3*y - 219. Let z = 7 - -6. What is the greatest common divisor of z and y?
13
Suppose -4*q + 3*n - 3 = 5, q - 2*n = -7. Let g(h) = 14*h. Let x be g(q). What is the highest common divisor of 42 and x?
14
Let i be 5*22*(-1)/(-2). What is the highest common divisor of 11 and i?
11
Let g = 129 + 14. Suppose -2*z + 14 + 2 = 0. Let h = z + 5. Calculate the greatest common factor of h and g.
13
Suppose -4*z + h + 4*h + 875 = 0, 4*z - 4*h - 876 = 0. Calculate the highest common divisor of z and 20.
20
Let c = 5 - 1. Let u = 1 + c. Calculate the greatest common factor of u and 15.
5
Let n(q) = -32*q + 1. Let z be n(-1). What is the highest common divisor of z and 99?
33
Suppose 0 = 3*k - 52 + 7. Suppose -2*l = 4*a - 3*l - 64, 0 = -3*a + 4*l + 61. What is the highest common factor of a and k?
15
Let k(g) = -15*g**3 - g**2 - g - 1. Suppose 0*q + 4*q + 2*a + 2 = 0, 4*a = -3*q + 1. Let p be k(q). Calculate the greatest common divisor of 28 and p.
14
Suppose -i - 3 = 2*d, 2*i - 4*d - 39 = -5. Let y be (-4)/6*(-2 - i). What is the highest common factor of y and 42?
6
Let o(s) = 2*s**3 + s**2 - s + 140. Let z be o(0). What is the greatest common divisor of 14 and z?
14
Let y be 2948/28 - 6/21. What is the greatest common divisor of y and 21?
21
Let y = 15 + -13. Suppose 4*s - 28 = y*s. Calculate the highest common divisor of s and 70.
14
Let v be 5/(-15)*15 + 15*3. Let d be ((-6)/4)/(3/(-20)). Calculate the greatest common divisor of d and v.
10
Let l(a) = 2*a**2 - 4*a + 5. Let s be l(7). Suppose s = 5*x - 0*x. Let b = 31 - x. Calculate the highest common factor of 64 and b.
16
Let d(a) = a**3 - 8*a**2 - 3*a + 6. Let v be d(7). Let j = -31 - v. What is the highest common factor of j and 3?
3
Suppose 6*a - 324 = 2*a. Suppose -4*k + 2*d + 2*d + 20 = 0, 5*d = -4*k + 56. Calculate the highest common divisor of a and k.
9
Let k = 655 - 160. What is the greatest common factor of k and 45?
45
Let y(i) = -i + 9. Let j be y(7). Let a(b) = b**3 - b**2 - 2. Let q be a(2). Suppose 0 + j = q*x. What is the greatest common divisor of x and 7?
1
Let x = 10 + 3. Let o(v) = x - v**3 + 9 + 21 - 8. Let i be o(0). Calculate the greatest common divisor of i and 5.
5
Let s = 292 - -31. Let j = s - 173. What is the greatest common factor of 60 and j?
30
Let y(p) be the second derivative of p**4/12 + 5*p**3/6 + p**2 - p. Let c be y(-6). What is the greatest common factor of c and 40?
8
Let i = 54 + -24. What is the greatest common factor of 270 and i?
30
Suppose 0 = -3*r + 9 - 3. Calculate the highest common divisor of r and 3.
1
Let q = -3 + 33. Suppose -3*k + q = 3*k. What is the highest common divisor of k and 35?
5
Let m be (3*7/(-2))/((-3)/18). Calculate the greatest common factor of 9 and m.
9
Let t = 15 + -9. Suppose -k - 4*l = -62, -k = k + l - 131. What is the greatest common divisor of t and k?
6
Let i be ((-6)/8)/((-1)/20). Let z(q) = q**2 - 2*q + 2. Let b be z(3). What is the greatest common divisor of b and i?
5
Suppose w - 8 = -0*w. Let f be 33*(1 + w/(-12)). Calculate the highest common factor of f and 11.
11
Let v = 7 - 8. Let m be 120 - (-1 - v)/1. Calculate the highest common divisor of 15 and m.
15
Let g = 149 - 97. Let z be 80/(-12)*(-12)/(-10). Let o = z - -21. Calculate the greatest common factor of o and g.
13
Let v = -7 - -13. Calculate the greatest common factor of 6 and v.
6
Let g = -21 - -30. What is the highest common divisor of g and 6?
3
Let i(v) = -v**3 - 9*v**2 + 8*v - 10. Let g be i(-10). What is the greatest common divisor of g and 10?
10
Suppose -266 = 3*k - 716. Suppose 5*o + 4*n - 18 = k, -5*o + n = -183. Let f = o + -12. Calculate the greatest common factor of 6 and f.
6
Let v be (-27)/(-2)*(-2)/(-3). Let q be ((2 + -69)*-1)/1. Let j = q - 4. What is the highest common divisor of v and j?
9
Let d be 2/(-4) - (-7)/2. Suppose d*o - 4*o + 7 = 0. Let f = 1 - 0. Calculate the highest common divisor of o and f.
1
Let z(w) = w - 8. Let h be z(8). Suppose -3*f - f + 5*j = -59, h = -5*f + j + 79. Let v be 1/4 - (-765)/12. What is the highest common factor of f and v?
16
Let g(v) = -2*v**3 - 7*v**2 - 2*v - 5. Let i be g(-5). Let l be -3*(-4 + (-16)/6). What is the highest common factor of i and l?
20
Let i(t) = t**3 - 6*t + 5. Let l be i(3). What is the highest common divisor of 112 and l?
14
Suppose 9 + 25 = x - 5*b, 66 = 3*x - 3*b. What is the greatest common factor of x and 171?
19
Let w = -9 - -9. Let m = w - -8. Calculate the greatest common factor of m and 56.
8
Let z = 73 - 33. What is the greatest common divisor of z and 100?
20
Let x be 8*1 - 3/1. Suppose 4*f = -x*p + 12, 2*p - f + 3 + 0 = 0. Let c(a) = a + 6. Let l be c(p). Calculate the greatest common factor of l and 54.
6
Let c(d) = d**2 - 7*d. Let t be c(-6). Let g be (-1 - (22 + 3))*-1. Calculate the highest common divisor of t and g.
26
Suppose -2*s + 21 = -5*o, -2*s = -4*s + 4*o + 18. Suppose g - 80 = -s*g. Let a = -21 + 29. Calculate the greatest common factor of g and a.
4
Let y(l) = -l**2 - 15*l + 9. Let b be y(-15). What is the greatest common factor of 36 and b?
9
Let l be 21 - (1 - 2)/(-1). Suppose -4*o = 8 - l. Let b be 0 - (-1)/(o/21). Calculate the greatest common divisor of b and 28.
7
Suppose -4*y = -3*y + 2*a + 6, 2*y + 17 = a. Let q be 99 + 4/y*0. Calculate the highest common divisor of q and 11.
11
Let r = 89 + 1. Let v = 12 + 8. Suppose 4*f = v, 54 = 5*y + 5*f - 21. Calculate the greatest common divisor of y and r.
10
Let y be (15/20)/((-2)/(-64)). Let b(f) = f**3 + 4*f**2 - 3. Let w be b(-3). What is the highest common factor of y and w?
6
Let o = -97 - -177. Suppose 0 = -x - 5 - 0, -5*x = 4*h + 21. Let g be -1 + 2 - h - -10. Calculate the greatest common divisor of o and g.
10
Let v be (11 + 0)/(1/2). Suppose -4*j + 5*z + 28 = -3*j, 0 = -j - 5*z - v. Suppose -j*r + 10 = 2*r. What is the greatest common factor of 3 and r?
1
Let n(v) = 3*v**2 - 3*v - 4. Let r be n(3). Calculate the highest common divisor of 154 and r.
14
Let z = 249 - 95. Calculate the greatest common factor of z and 22.
22
Let s(k) = -k**3 - 7*k**2 - k - 5. Let j be s(-7). Suppose 13 + 7 = 5*z, -3*z = 4*x + 300. Let g = j - x. What is the highest common factor of g and 10?
10
Suppose -4*u + u - 141 = 0. Let h = 110 + u. What is the highest 